of z.
2, 101
Let m(g) = -2*g**2 - 4*g. Let w(b) = -8*b**2 + 6*b + 9. Let s(d) = m(d) - w(d). List the prime factors of s(12).
3, 5, 7
Let r(z) = -z**3 - 28*z**2 + 43*z - 335. What are the prime factors of r(-33)?
3691
Let d = -68 + 68. Suppose d = -14*t + 20*t - 1224. List the prime factors of t.
2, 3, 17
Let r(l) = 1837*l - 80. Let t be r(21). Suppose -30*k + t = 6637. List the prime factors of k.
2, 3, 59
List the prime factors of (((-7)/21)/((-8)/(-6)))/(3/(-167196)).
13933
Let r = -6726 + 9508. Let v = 3944 - r. List the prime factors of v.
2, 7, 83
Let v(g) = g**3 - 6*g**2 + 8*g - 12. Let q be v(5). Suppose 5*i - q*p + 4*p - 26 = 0, 4*i - p - 19 = 0. List the prime factors of 0/2 + (i + 68 - -1).
2, 37
Let v = -5998 + 9116. Suppose 0 = -17*g + 3784 + v. What are the prime factors of g?
2, 7, 29
Suppose -29*b = 10*b + 8*b - 1225948. List the prime factors of b.
2, 6521
Let r(h) = h**3 + 25*h**2 - 7*h - 38. Let t be r(-17). Suppose -t = -4*m + 2087. List the prime factors of ((-12)/(-10))/(24/m).
2, 7
Let x be (-995 - (-2 - -1))*(-6)/12. List the prime factors of (-1 + x/(-1))*(-296)/222.
2, 83
Let j = 3609 - -7920. What are the prime factors of j?
3, 7, 61
Let c(z) = 2*z**2 + 3*z - 1. Let d be c(-4). Let h(x) = -5*x - 133. Let v be h(-27). Suppose 79 = 4*y - n, v*y - y - d = n. What are the prime factors of y?
2, 5
Let l = 280 - 285. List the prime factors of ((-3)/(-2))/(l*(-9)/6030).
3, 67
Let q(x) = 2*x**3 - 167*x**2 + 123*x - 1102. What are the prime factors of q(87)?
2, 13, 29, 83
Suppose 15*i - 10519 = -349. List the prime factors of i - (0/(-1))/(-7).
2, 3, 113
Let i(p) = -70*p + 163*p - 97*p - 13. Let j(x) = -14*x**2 - x + 1. Let q be j(1). What are the prime factors of i(q)?
43
Let j be ((0 - 0) + (-2 - -3))*2. Suppose 2*s + 2*m - 52 + 230 = 0, j*s - 3*m = -163. Let c = -61 - s. List the prime factors of c.
5
Suppose 0 = u + x - 175, 5*u - 4*x - 244 - 613 = 0. Suppose 5*v - 1160 - 500 = 0. Let p = v - u. What are the prime factors of p?
3, 53
Let t = -632 - -1016. Let n be (-174)/(-16) + 157/1256. Suppose n*x - t = -x. What are the prime factors of x?
2
Suppose -4*z + 6565 = -6858 - 2709. What are the prime factors of z?
37, 109
Let t(c) = -171*c - 5277. What are the prime factors of t(-41)?
2, 3, 17
Suppose 26*b - 37*b = 429. Let f = b - -233. List the prime factors of f.
2, 97
Suppose 0 = j + 6 - 3, -2*k = -3*j - 39. Let r(i) = 9*i**2 - 31*i - 26. What are the prime factors of r(k)?
2, 13, 59
Let u be 4 + (-9)/(-10) + (-2)/(-20). What are the prime factors of 2563/u + 3/(-5)?
2
Suppose 2*g + 55 = 7*g. Suppose 13*l - 6 = g*l. Suppose -2*o + 198 = -2*i, 6*o - l*o - 291 = i. List the prime factors of o.
2, 3
Let d be (-16)/24 - (12/9 + -2). Suppose 4*r + 39 - 71 = d. Suppose 0 = 5*f + 3*i - 588, 2*i - 587 = 3*f - r*f. What are the prime factors of f?
3, 13
Let l(t) = 128*t + 1020. List the prime factors of l(35).
2, 5, 11
Suppose -23*x = -5*c - 21*x + 302033, 0 = -c + 3*x + 60404. What are the prime factors of c?
29, 2083
Let l = 64533 - 17343. What are the prime factors of l?
2, 3, 5, 11, 13
Let l be ((-25)/(-10) + -5)*-2. Suppose -3*b - 15 = -0*b, 4*v = l*b + 3217. List the prime factors of v.
2, 3, 7, 19
What are the prime factors of (-30261)/22*(-72)/54?
2, 7, 131
List the prime factors of (-15)/9 - ((-540335)/(-318))/(2/(-20)).
2, 5, 1699
Suppose -7479 = -2*w - y, 4*w - 25*y + 21*y = 14940. Suppose 0*z + w = 7*z. What are the prime factors of z?
2, 3, 89
Let f(c) = 2*c**2 + 31*c - 52. Let n be f(-17). List the prime factors of 5/(-10)*n*632.
2, 79
Suppose -4*o + 4*c = -428, 4*c - 170 = -3*o + 130. Let k = 69 - o. List the prime factors of (k/49 - -1) + 817/7.
3, 13
Let v(g) = 18*g + 170. Let m = -492 + 518. What are the prime factors of v(m)?
2, 11, 29
Suppose -t + 10 - 1 = -3*s, s = -t + 21. Suppose -16*m - 154 = -t*m. What are the prime factors of m?
7, 11
Let l be ((-84)/9 - -3)*-3. Suppose -23*g + 16 = -l*g. Suppose -g*b = -5*h + 139 + 4, -2*b + 130 = 4*h. What are the prime factors of h?
31
List the prime factors of (7 - 296/40)*-9960.
2, 3, 83
Let p be -10*(-3)/6 - 0. Let a(h) = 30*h**2 - 7*h - 9*h**2 - 4*h**2 + 2 + 2 - 11*h**2. List the prime factors of a(p).
7, 17
Let w(d) = -720*d - 589. What are the prime factors of w(-7)?
4451
Let p(w) = -w**2 + 4*w + 2. Let l be p(6). What are the prime factors of 10/(-50) - 10662/l?
2, 13, 41
Let l(k) = 16*k + 3. Let g(h) = 2*h**2 + 17*h + 10. Let f be g(-8). Let s be l(f). Suppose -50 = -z + s. List the prime factors of z.
5, 17
Suppose 530*q - 87696 = 518*q. List the prime factors of q.
2, 3, 7, 29
Suppose 9*p = -35 - 55. Let c = 81 + p. Suppose 5*h + 935 = 5*s, 5*s + 2*h = c + 829. List the prime factors of s.
2, 7, 13
Suppose 5*i - 15 = 9*i - j, 2*i + j + 3 = 0. Let k(r) = 13*r**2 + 4 - 19*r + 20*r + 2. List the prime factors of k(i).
2, 3, 5
Let p = -396 + 285. Let b = p - -274. What are the prime factors of b?
163
Let z = 2844 + -4110. Let q = z - -1988. What are the prime factors of q?
2, 19
Let w(s) = 41*s**3 + s**2 - 4*s - 24. Let c be w(4). Suppose -6*l + c = -4624. List the prime factors of l.
2, 7, 43
Let q = -396 - -394. Let b be (-1 + 0)*-9*-1. What are the prime factors of 27*b/6*q?
3
Let c(b) = 4*b**2 - 15*b - 12. Let s be ((9 - 3)*-8)/(-1). Let l = s - 40. What are the prime factors of c(l)?
2, 31
Let u(l) = l**2 + 6*l - 10. Let d be u(-8). Suppose -3*a + d = -9. Suppose a*y = 16 + 199. List the prime factors of y.
43
Suppose -2*l + 705 = 4*m - 1049, -3*l + 2195 = 5*m. Suppose p = 3*w + m, -377 - 1312 = -4*p + w. List the prime factors of p.
421
Let l(z) = -z**2 - 10*z - 21. Let h be l(-4). List the prime factors of (12348/54)/(2/h - 0).
7
Let k be (393/(-6))/((-3)/6). Let u = 75 - k. Let m = u + 87. What are the prime factors of m?
31
Let c(a) = 20*a**2 - 56*a - 525. What are the prime factors of c(-10)?
5, 11, 37
Let l = -1736 + 2564. Suppose 2*p - q = -6*q + 356, 0 = 5*p - 3*q - l. Suppose 3*k + k + 210 = 5*b, k = -4*b + p. List the prime factors of b.
2, 3, 7
Suppose 174*d - 24947 = 155*d. Suppose 8*m - 6407 - d = 0. What are the prime factors of m?
5, 193
Let d(q) = -8*q**2 - 22*q + 18. Let p be d(-16). Let l = p - -2835. List the prime factors of l.
13, 89
List the prime factors of 4928 + (-3)/15*-20.
2, 3, 137
Suppose 95*o = 656*o - 33547239. What are the prime factors of o?
3, 31, 643
Suppose 4*s = t, -t + 5*s = -4*t. Suppose t = -10*b + b + 15885. What are the prime factors of b?
5, 353
Suppose 0 = -4*y + 12, -a + y + 1499 = -256. What are the prime factors of a?
2, 3, 293
Suppose o - 5*x = -o + 10050, 0 = 3*o - 6*x - 15078. List the prime factors of o.
2, 5, 503
Let o(q) = 49997*q**2 - 372*q - 370. List the prime factors of o(-1).
49999
Suppose 2*r = -0*s + 3*s + 28, 5*s = 5*r - 55. Let j(x) = -3 - 4 - 5*x + 11*x - 4*x**2 - x**3 + 2. What are the prime factors of j(s)?
31
Let m = 31 + -40. Let o = 39 + m. Suppose -v + 4*d = -36, v + 3 = d + o. What are the prime factors of v?
2, 3
Let r(m) = 4507*m**3 + 2*m**2 - 4*m + 3. List the prime factors of r(1).
2, 7, 23
Let b be 121*-1*(12 - 11). Let a = b - -315. List the prime factors of a.
2, 97
What are the prime factors of 4/(-66) + 5698304/2112?
2, 19, 71
Let y(a) = -a**2 - 13*a - 40. Let r be y(-8). Suppose -c + 2*c - 2*z = 827, 3*c - 5*z - 2480 = r. What are the prime factors of c?
3, 5, 11
Suppose 0 = -6*l - 3*y + 76134, -3*l - 2*y + 29674 = -8390. List the prime factors of l.
2, 19, 167
Let r = -269 + 506. Suppose 4*p = 3*p + r. List the prime factors of p.
3, 79
Let b = -23240 - -35712. List the prime factors of b.
2, 1559
Let p = -4 - 4. Let u(q) = -17*q - 12. Let a be u(p). Let y = a - 89. List the prime factors of y.
5, 7
Let a(d) = -d**2 - 48*d + 61. Let b be a(-43). Let l be ((-4)/3)/(4/(-6)). Suppose -2*m = -6*m - 2*n + 268, -4*m + l*n = -b. List the prime factors of m.
2, 17
Suppose -5*p + 3*p = -2*d + 134, 5*d - 4*p = 336. Let w(b) = 5*b**2 - 44*b - 131. Let k be w(-3). Let c = d - k. List the prime factors of c.
2, 11
Suppose 5*h - 10733 = -8*h + 35599. List the prime factors of h.
2, 3, 11
List the prime factors of (-52 - -44375) + (2 - 4).
23, 41, 47
Let y(u) = -4206*u**3 + 6*u**2 + 7*u + 2. List the prime factors of y(-1).
7, 601
Suppose -3*u - 5*x = -0*x - 179, 0 = u + 3*x - 57. Let b